 1426 and 283314?
46
Calculate the greatest common divisor of 1411498 and 167992.
1826
What is the greatest common factor of 12543 and 44363?
37
What is the highest common factor of 678276 and 137946?
498
What is the highest common factor of 14154672 and 1848?
168
Calculate the highest common divisor of 9542 and 24864984.
734
Calculate the greatest common divisor of 5609586 and 2784.
174
Calculate the greatest common factor of 54 and 39778569.
9
What is the highest common divisor of 6438734 and 430?
86
What is the greatest common factor of 30537494 and 65?
13
Calculate the greatest common factor of 20745792 and 576.
576
What is the greatest common divisor of 21268 and 13596796?
1636
What is the greatest common divisor of 8182924 and 352?
4
Calculate the highest common factor of 102935 and 12406695.
6055
Calculate the greatest common factor of 154 and 399942466.
154
Calculate the highest common divisor of 465 and 35751215.
155
What is the greatest common divisor of 247 and 152867?
13
What is the highest common factor of 772356 and 15639?
39
What is the greatest common divisor of 119437 and 5?
1
What is the greatest common factor of 3927530 and 20?
10
Calculate the highest common divisor of 125 and 1079439.
1
Calculate the greatest common factor of 120 and 55905.
15
Calculate the greatest common divisor of 30 and 3150555.
15
What is the highest common factor of 1575 and 102870225?
225
What is the highest common factor of 829052 and 50344?
812
What is the highest common factor of 725 and 16290025?
725
Calculate the greatest common divisor of 20834 and 37708.
22
What is the highest common divisor of 866044 and 674804?
2732
Calculate the highest common factor of 4305 and 89910.
15
Calculate the highest common factor of 645004265 and 470.
235
Calculate the greatest common divisor of 17 and 619894.
1
What is the greatest common divisor of 515766 and 104118?
402
What is the greatest common factor of 10275 and 13660818?
411
Calculate the greatest common factor of 26244372 and 10164.
924
Calculate the highest common factor of 5967535 and 70.
35
What is the highest common factor of 9472576 and 14644?
2092
What is the highest common factor of 15195559 and 8164?
157
Calculate the highest common factor of 1155 and 2507250.
15
What is the greatest common divisor of 1045760 and 2767616?
4864
Calculate the greatest common factor of 342 and 7055004.
114
What is the highest common divisor of 128 and 70699296?
32
Calculate the highest common divisor of 5157 and 5569533.
27
Calculate the greatest common divisor of 36463 and 8057.
7
Calculate the highest common divisor of 3867 and 201118803.
3867
Calculate the highest common divisor of 45507 and 1617567.
4137
What is the highest common factor of 26983 and 1722006?
2453
What is the highest common divisor of 372926020 and 5251?
5251
What is the greatest common divisor of 18537657 and 4252?
1063
Calculate the greatest common factor of 152 and 20140.
76
What is the greatest common factor of 13350072 and 248?
8
Calculate the greatest common factor of 16322462 and 364.
26
Calculate the highest common factor of 3077 and 4891053.
17
What is the greatest common divisor of 23634832 and 571?
571
Calculate the greatest common factor of 713010 and 2490.
30
What is the greatest common divisor of 1842 and 3563042?
614
What is the highest common divisor of 4959240 and 5160?
120
Calculate the greatest common factor of 59776 and 503168.
128
Calculate the highest common divisor of 255184 and 1189.
41
Calculate the greatest common factor of 547788284 and 106.
106
Calculate the highest common divisor of 61776 and 1067968.
176
Calculate the greatest common factor of 29362 and 756764.
554
What is the greatest common factor of 630 and 30414195?
315
Calculate the greatest common factor of 4236 and 85306686.
2118
Calculate the greatest common divisor of 8147304 and 1584.
792
Calculate the greatest common divisor of 30667711 and 527.
527
Calculate the highest common factor of 705 and 14465613.
141
What is the highest common factor of 6723027 and 54?
27
Calculate the highest common divisor of 7218 and 407.
1
Calculate the highest common divisor of 275421456 and 268.
268
What is the greatest common factor of 1160 and 4001000?
40
What is the greatest common factor of 876916 and 89042?
422
What is the greatest common factor of 2461 and 10753607?
107
Calculate the greatest common divisor of 6522965 and 4325.
865
Calculate the greatest common factor of 715520 and 306176.
3328
Calculate the greatest common divisor of 41 and 14838023.
41
Calculate the highest common factor of 122625 and 16650.
225
What is the greatest common factor of 126144 and 11307627?
1971
Calculate the highest common divisor of 484 and 14379882.
242
Calculate the greatest common divisor of 16433946 and 30289.
4327
What is the highest common divisor of 2304483 and 9?
3
What is the greatest common factor of 1407 and 2268687?
201
What is the highest common divisor of 414 and 3846566?
46
What is the greatest common factor of 12244428 and 72?
36
What is the greatest common divisor of 434884 and 692?
4
What is the highest common divisor of 22484 and 666555043?
5621
What is the highest common factor of 334 and 119446082?
334
Calculate the highest common divisor of 24674352 and 216.
24
Calculate the greatest common factor of 1192 and 2995943.
149
What is the highest common divisor of 2019 and 25389?
3
What is the highest common divisor of 123159 and 2623?
61
Calculate the highest common factor of 237125 and 5149.
271
What is the greatest common factor of 6847987 and 37351?
911
What is the highest common factor of 4346518 and 6160?
22
What is the highest common factor of 141345563 and 307?
307
Calculate the highest common factor of 12 and 186228594.
6
What is the greatest common factor of 9915 and 74415?
15
What is the highest common divisor of 489 and 703671?
489
What is the greatest common divisor of 3642 and 17765676?
3642
Calculate the highest common divisor of 20492260 and 2280.
380
Calculate the greatest common factor of 31 and 5769007.
31
Calculate the highest common factor of 4337151 and 16653.
273
Calculate the greatest common factor of 20745963 and 441.
441
What is the greatest common factor of 147 and 8395338?
21
Calculate the highest common divisor of 1556685 and 19890.
585
What is the greatest common factor of 121 and 4500826?
11
What is the greatest common factor of 27728 and 41387506?
3466
Calculate the highest common divisor of 8193969 and 3164.
791
What is the highest common factor of 5002807 and 16021?
37
Calculate the highest common divisor of 7527872 and 17908.
1628
What is the greatest common divisor of 52283160 and 4590?
1530
What is the highest common divisor of 3502033 and 2335?
467
Calculate the highest common divisor of 448 and 3086864.
16
What is the highest common divisor of 42450823 and 94?
47
Calculate the highest common divisor of 595 and 683662140.
595
Calculate the highest common divisor of 6936 and 161466.
102
What is the highest common factor of 9088 and 231808?
128
What is the greatest common divisor of 5110599 and 5733?
39
Calculate the highest common divisor of 17451 and 964262484.
2493
What is the greatest common divisor of 843 and 28807277?
281
What is the highest common factor of 21 and 236488224?
21
What is the highest common factor of 104907 and 62799?
363
What is the greatest common divisor of 40 and 988970?
10
Calculate the greatest common factor of 73308938 and 93560.
4678
What is the greatest common divisor of 65934 and 32454?
54
What is the greatest common divisor of 12 and 1706156?
4
What is the greatest common factor of 1249680 and 8181960?
4920
What is the highest common divisor of 7697 and 3740563?
179
Calculate the greatest common factor of 6705979 and 1204.
301
Calculate the greatest common factor of 65895784 and 12.
4
Calculate the highest common divisor of 395626693 and 33.
11
What is the highest common factor of 14 and 341244946?
14
Calculate the highest common factor of 51059139 and 1209.
93
Calculate the highest common factor of 18366205 and 3757.
221
What is the highest common factor of 1484822610 and 18?
18
What is the highest common divisor of 20387094 and 9282?
546
What is the highest common factor of 3927 and 56341230?